5) - 5
-56
Calculate (-129 + 63 - -42) + 0 + (2 - -6).
-16
What is the value of 406 + -345 - (40 - 1)?
22
What is -11 + -54 + (-10 + 1 - (-15 - -4)) + -7?
-70
Evaluate -20 + 4 + -81 + 150 + -91.
-38
What is the value of -30 + 17 + 3 + (122 - 57)?
55
What is -1 + -178 + (1366 - 1322) - -13?
-122
Calculate 10 - (-26 + 3 - (-3 - (183 - 1))).
-152
Calculate -2 + -4 + (1 - -9) - (211 - 171).
-36
Calculate -1 - 84 - (89 - 136).
-38
What is the value of -118 - (13 + -45) - (-27 - (8 + -16))?
-67
Calculate -2 + (-17 - (12 - 20)) + -11 - (9 + 0).
-31
What is (-6 + 74 + -51 - (0 + 7)) + 3 + 65?
78
-36 + 9 + 34 + (-6 - (-5 - -7 - 3))
2
Evaluate 3 + (-1 - 6) - (-93 - ((-3 - -37) + -37)).
86
What is -41 - (-47 - -1) - (3 + -5 + -42)?
49
What is -51 - (-49 - 19) - 75?
-58
What is -3 + -21 - -4 - ((55 - 20) + -34)?
-21
What is 0 - 16 - (-25 + 14 + -1 + 7)?
-11
Evaluate (20 - 21) + 20 - (38 - 36).
17
Calculate 21 + -28 + 8 + (4 - -5) + -46.
-36
Evaluate 255 - 251 - (1 + 4 + (5 - 3)) - 79.
-82
Evaluate 12 + (-208 - -176 - (-22 - -1)) + (0 - -9).
10
What is (4 - -23 - 4 - 39) + -51?
-67
(-28 - -92) + 18 + (-27 - 2)
53
Calculate 1 + -1 + -13 + (-5226 - -5236).
-3
-39 - (0 + 2 - ((8 - (-11 + 19)) + 12))
-29
What is the value of -25 + (79 + 21 - 145)?
-70
What is 3 + -11 + 51 + -33 + -78?
-68
81 - (4 - (-20 + 7)) - (-8 - (-5 + -1))
66
4 + 1 + 0 + (-117 - -107 - 5) - 47
-57
What is 13 + -4 + -33 - (-62 + 4)?
34
What is the value of (-1 - ((24 - (7 + 2)) + -3)) + 29?
16
What is -1 + -13 + -4 + 6 - (0 + -65)?
53
What is (-20 - (13 - 13) - 29) + -4?
-53
4 + (-1 - -4) + 69 + -65 - 4 - -78
85
Evaluate 28 + 8 - (-2 - (8 + -2 + -4 + 5)).
45
Calculate -80 - (19 + -115) - (3 + (-2 - 4) + -127).
146
Calculate -90 + (7 - -33 - 37) + 15.
-72
Calculate 11 - 27 - -43 - -16.
43
(14 - 2) + -60 + 30 + -6
-24
Evaluate 16 - (6 + -3 + -5 + 14) - 43.
-39
Calculate 131 + (-82 - -27) - 150.
-74
Evaluate 14 + 16 + -83 + 14 + (14 - 32).
-57
What is the value of 2053 + -2074 + (-23 - -26) + (0 - 4)?
-22
Evaluate -9 + -50 - (10 - (-12 + -13 + 57)).
-37
Calculate 5 - 7 - (-5 - ((15 - 8) + -12) - -90).
-92
Calculate (44 - (-38 + 71) - (3 + 0)) + 1.
9
-28 - -25 - (-23 + (-26 - -51))
-5
Calculate 210 + -211 + -18 + 0.
-19
8 + -61 + (123 - 25)
45
Calculate (5 - ((66 - 35) + -18 + -14)) + (18 - 0).
24
Evaluate -5 - (-8 + -7) - (130 - 120).
0
8 - (-60 - (-16 - 3 - 24 - -19))
44
(-1 + 18 + -10 + -2 - -69) + -16
58
What is the value of -60 + (112 - (149 + -61))?
-36
Calculate -17 + (40 + -38 + (-2 - 9) - -20) + -13.
-19
Calculate (-205 - -69 - -28) + 118.
10
129 - ((67 - 72) + 61)
73
What is the value of -25 + (5 - 117) + 200?
63
Evaluate -88 + 90 - (9 + -4 - (13 + -3) - 34).
41
Calculate (35 - (13 - 13)) + (31 - 17).
49
-36 + 62 + (1 - 20) + -43
-36
34 + 6 + 6 + -7 - (-17 + 8)
48
What is the value of 73 + -91 + (-52 - 24)?
-94
What is the value of 11 + -17 + 55 + 10 + -23?
36
Evaluate -3 + 0 + 27 + -65 + 86.
45
-1 + -54 - (-11 + -3 - -1)
-42
Evaluate 8 - (-2 - ((-1 - 20) + 17)).
6
Calculate 1693 + -1675 + -2 + 12.
28
Evaluate -5 + -9 + (155 - 138) - (-1 + 1 + -49).
52
What is the value of -34 - (-32 - (-21 + (9 - -1)))?
-13
Evaluate (63 - ((5 - 17) + 5)) + 251 + -269.
52
What is the value of 36 + -1 - 5 - (-74 + 73)?
31
-7 + 15 + -8 + -3 + -9 + 15 - 45
-42
What is -143 - ((-87 - 36) + 88)?
-108
What is the value of 134 - 71 - ((12 - 6) + (3 - -2))?
52
What is the value of -3 + 4 + -41 + (-6 - (3 + (16 - 15)))?
-50
What is -53 + (-13 + 99 - 23)?
10
((9 - 4) + 6 - 2) + -8 - (-2 - 2)
5
61 + -47 - (13 - (-30 - -14))
-15
25 + -34 + -80 - -123
34
What is the value of 13 + -3 + 2 + (64 - 73) + -20?
-17
Calculate (-49 - (6 + -44 + 42)) + 23.
-30
What is the value of 24 + (1 - 2) - (63 - (55 - (-28 - -25)))?
18
What is the value of 6 - (8 - (-5 - -88) - (-4 - 9) - -8)?
60
Evaluate -126 + 35 - 23 - -33.
-81
Calculate 1 - 1 - (19 + (-8 - 12)).
1
529 + -553 + 44 + 0
20
What is (-6 - (97 - 20)) + 40?
-43
What is the value of 4 + (3 - 4) + 4 - (32 - (-15 - -42))?
2
What is -1 - (0 - -56 - (126 + -111))?
-42
Evaluate 79 - (-113 + 33 - -195).
-36
Calculate 15 + -85 - 5 - 4.
-79
Evaluate 11 + (65 - 70) + -11.
-5
4 + -2 + (15 + 26 + 7 + -64 - -116)
102
What is -7 + (27 - 43 - -11) + 1 + 1?
-10
What is 80 + -12 + -6 + -3?
59
What is the value of 784 - 872 - (-70 + 0) - (-43 - -1)?
24
Evaluate 0 + 97 - (-1 + 28 + (1206 - 1240)).
104
Calculate -5 + (96 + -93 - -67).
65
Calculate 1691 - 1614 - (-4 + 86).
-5
What is (-10 - -3 - (-53 + 6 + 9)) + 9?
40
Calculate 59 + (19 - (22 + 30 + -39)).
65
Calculate -32 + 1 + 103 + (2 - 6 - (1 - 9)).
76
-26 + (25 - 32) + 22 - (0 - 46)
35
-50 + -1 - (96 - (53 + 57))
-37
What is (-15 - -16 - 9) + (6 + 32 - -6)?
36
What is -11 + 29 + 19 + (-34 - 21)?
-18
Calculate 94 + 61 + 10 + -49 + 0 + -8.
108
-15 - 35 - ((-12 - (10 + -24)) + -7)
-45
-74 + (-37 - -131) + 11
31
What is 5 - (9 - (6 + 32 - 5))?
29
What is (177 - 86 - 29) + 16?
78
-141 + 20 - (-548 - -330)
97
What is (-26 - -8) + -3 - (26 - 4)?
-43
What is the value of -139 + 154 - 105 - (0 - 0 - -2)?
-92
What is the value of 45 + -60 - (15 + 55 + -7 + 15)?
-93
What is 77 + (-44 - (-7 - (-17 - -30)))?
53
-4 - (-66 + 8) - (-21 - -16) - (17 - 6)
48
What is the value of -2 + -24 + (-231 - -283) - 84?
-58
What is the value of (-10 - (-24 - (-71 - -11))) + (6 - 11)?
-51
Calculate (8 - 24) + 7 + (-3 + 35 - 1).
22
Calculate (213 - 228) + -10 + 14 + -103.
-114
Evaluate 7 + (4 - 8) + 1 - (145 + -85).
-56
What is the value of (5 - 54) + (4 - ((-5 - -11) + -4)) - -14?
-33
What is -14 + 1 + (-17 - (-16 - 0)) + 188 + -78?
96
Evaluate (14 - ((5 - 1) + -2)) + -519 + 516.
9
What is 28 - (43 + (40 - 98))?
43
Evaluate 12 + 0 + 2 + 13 - (-14 + 3).
38
What is 46 + -1 + -23 + 1 + -7 + 10?
26
-23 + 1 - (-2873 + 2888)
-37
Evaluate 9 + (0 - 3) + (-15 - (-41 - -5)).
27
177 + (-7 - 55) - -2
117
(147 - (-73 - -71)) + -65
84
Calculate (19 - 0) + (-32 - (35 - 13)).
-35
Evaluate -19 + 10 + -34 + 19 - 13.
-37
Evaluate (-4 - -2) + -49 + 58 + -17 - 19.
-29
Calculate -1 + -7 + (-12 - -2) + (69 - 46) + 26.
31
Calculate (1 - -19) + -87 + 57 - (-1 + -2 - -43).
-50
Evaluate (-26 - -43) + 24 - 7.
34
-24 - (-2 + -15) - (4 + -3 - 10)
2
Evaluate (-27 - 3) + -457 + 372.
-115
Evaluate 67 - (55 - -94) - -79.
-3
What is the value of -4 + -12 + -8 + -24 + 32?
-16
What is the value of 119 - ((-53 - 79) + 192)?
59
Evaluate 67 + -82 - (-9 - 9).
3
-12 - (2 + -1 + (-1 - (-3 + 15)))
0
What is the value of -14 - 1 - (177 + 11 + -198)?
-5
What is -82 + -2 + -19 + -27 + 54?
-76
54 + -76 + 29 + (4 - -13)
24
What is the value of -41 - (-94 + (86 - 64))?
31
-7 - 1 - (2 - 25 - (-454 - -449))
10
What is (50 - -11 - (70 + -53)) + -139?
-95
19 + -21 - ((1 - -63) + 8 + -17) - -6
-51
What is the value of 3 - 1 - (-1 + 0 + (354 - 359))?
8
Calculate (215 - -15) + (758 - 873).
115
Calculate 11 + -13 + 23 + -8 - (-12 + -9).
34
What is -3 - (62 - (-11 + 33 + -9))?
-52
Evaluate (-2 - 0) + -6 - ((5 - 11) + 3).
-5
Evaluate -2 + (-5 - -8) + 2 + -12 - (63 + -128).
56
What is the value of 66 + -90 + 41 - 99?
-82
Calculate (3 + 1 - -2) + 20 + (25 - 29).
22
What is -1 + 2 + 57 - (-11 - (7 + 37 - 69))?
44
43 - (59 - (5 + 67))
56
What is 13 + -1 + (45 + -105 - -67)?
19
-80 + -6 + (2 - 6 - -14) + -7 + 10
-73
Evaluate 0 + (-82 - -4 - 1) + (28 - (28 - -2)).
-81
What is (-2 - (0 - -6)) + (-12 - (-11 - (6 + -25)))?
-28
What is (4 + -122 + (-22 - -2) - -10) + -3?
-131
Calculate -9 - 1 - (7 + -31 + 31 - (-37 - -1)).
-53
Evaluate (-16 - (4 + -2 - 19)) + -21.
-20
Calculate 16 + (-28 - (-14 + -25)) + 42.
69
-40 - -87 - (2 + 61)
-16
What is 0 + 0 + -31 + (5 - -16 - (16 + 1))?
-27
Calculate -20 + -5 + 21 + (4 - -15).
15
What is the value of -16 - (-1 + -24) - (8 - -19)?
-18
1 + 5 + -28 + 50 + -23 + 23
28
Calculate 654 + -657 - (-10 + -1) - (0 - 10).
18
What is (-82 - -62) + -3 + 35 - 3?
9
What is the value of 5 - 6 - (-557 - -508)?
48
What is the value of 9 - -31 - (43 - 35)?
32
Evaluate 2 - (-18 - ((-4 - 1) + -51 + (52 - -19))).
35
Calculate 83 + -6 - (10 - 29 - (8 + -8)).
96
What is the value of -151 + 1 + -145 + -72 + 241?
-126
Calculate -26 + (-31 - -57) + 6.
6
Evaluate -241 - -361 - (67 - 0).
53
What is the value of 16 - 1 - (20 - (81 + -68)) - (-1 + -49)?
58
What is the value of (0 - -67) + 3973 + -4077?
-37
Evaluate (-